{"id":11,"date":"2025-10-14T10:32:15","date_gmt":"2025-10-14T10:32:15","guid":{"rendered":"https:\/\/ugdymoidejunamai.com\/?page_id=11"},"modified":"2025-10-14T10:32:15","modified_gmt":"2025-10-14T10:32:15","slug":"apie","status":"publish","type":"page","link":"https:\/\/ugdymoidejunamai.com\/index.php\/apie\/","title":{"rendered":"Apie"},"content":{"rendered":"\n<p>Galb\u016bt J\u016bs esate menininkas &#8211; tuomet \u010dia pristatykite save ir savo darbus. Arba &#8211; jei tai verslo tinklalapis &#8211; \u012fra\u0161ykite \u010dia savo verslo misij\u0105.<\/p>\n","protected":false},"excerpt":{"rendered":"<p>Galb\u016bt J\u016bs esate menininkas &#8211; tuomet \u010dia pristatykite save ir savo darbus. Arba &#8211; jei tai verslo tinklalapis &#8211; \u012fra\u0161ykite \u010dia savo verslo misij\u0105.<\/p>\n","protected":false},"author":1,"featured_media":0,"parent":0,"menu_order":0,"comment_status":"closed","ping_status":"closed","template":"","meta":{"footnotes":""},"class_list":["post-11","page","type-page","status-publish","hentry"],"_links":{"self":[{"href":"https:\/\/ugdymoidejunamai.com\/index.php\/wp-json\/wp\/v2\/pages\/11","targetHints":{"allow":["GET"]}}],"collection":[{"href":"https:\/\/ugdymoidejunamai.com\/index.php\/wp-json\/wp\/v2\/pages"}],"about":[{"href":"https:\/\/ugdymoidejunamai.com\/index.php\/wp-json\/wp\/v2\/types\/page"}],"author":[{"embeddable":true,"href":"https:\/\/ugdymoidejunamai.com\/index.php\/wp-json\/wp\/v2\/users\/1"}],"replies":[{"embeddable":true,"href":"https:\/\/ugdymoidejunamai.com\/index.php\/wp-json\/wp\/v2\/comments?post=11"}],"version-history":[{"count":1,"href":"https:\/\/ugdymoidejunamai.com\/index.php\/wp-json\/wp\/v2\/pages\/11\/revisions"}],"predecessor-version":[{"id":19,"href":"https:\/\/ugdymoidejunamai.com\/index.php\/wp-json\/wp\/v2\/pages\/11\/revisions\/19"}],"wp:attachment":[{"href":"https:\/\/ugdymoidejunamai.com\/index.php\/wp-json\/wp\/v2\/media?parent=11"}],"curies":[{"name":"wp","href":"https:\/\/api.w.org\/{rel}","templated":true}]}}